{"id":3063,"date":"2024-06-16T19:36:17","date_gmt":"2024-06-16T19:36:17","guid":{"rendered":"https:\/\/fabeblog.com\/?page_id=3063"},"modified":"2024-06-29T15:06:56","modified_gmt":"2024-06-29T15:06:56","slug":"13-vom-regen-in-die","status":"publish","type":"page","link":"https:\/\/fabeblog.com\/?page_id=3063","title":{"rendered":"#13 Vom Regen in die Hitze"},"content":{"rendered":"\t\t<div data-elementor-type=\"wp-page\" data-elementor-id=\"3063\" class=\"elementor elementor-3063\">\n\t\t\t\t\t\t<section class=\"elementor-section elementor-top-section elementor-element elementor-element-e4c626f elementor-section-boxed elementor-section-height-default elementor-section-height-default\" data-id=\"e4c626f\" data-element_type=\"section\">\n\t\t\t\t\t\t<div class=\"elementor-container elementor-column-gap-default\">\n\t\t\t\t\t<div class=\"elementor-column elementor-col-100 elementor-top-column elementor-element elementor-element-9b08ced\" data-id=\"9b08ced\" data-element_type=\"column\">\n\t\t\t<div class=\"elementor-widget-wrap elementor-element-populated\">\n\t\t\t\t\t\t<div class=\"elementor-element elementor-element-1e4e7d6 elementor-widget elementor-widget-spacer\" data-id=\"1e4e7d6\" data-element_type=\"widget\" data-widget_type=\"spacer.default\">\n\t\t\t\t<div class=\"elementor-widget-container\">\n\t\t\t<style>\/*! elementor - v3.21.0 - 15-04-2024 *\/\n.elementor-column .elementor-spacer-inner{height:var(--spacer-size)}.e-con{--container-widget-width:100%}.e-con-inner>.elementor-widget-spacer,.e-con>.elementor-widget-spacer{width:var(--container-widget-width,var(--spacer-size));--align-self:var(--container-widget-align-self,initial);--flex-shrink:0}.e-con-inner>.elementor-widget-spacer>.elementor-widget-container,.e-con>.elementor-widget-spacer>.elementor-widget-container{height:100%;width:100%}.e-con-inner>.elementor-widget-spacer>.elementor-widget-container>.elementor-spacer,.e-con>.elementor-widget-spacer>.elementor-widget-container>.elementor-spacer{height:100%}.e-con-inner>.elementor-widget-spacer>.elementor-widget-container>.elementor-spacer>.elementor-spacer-inner,.e-con>.elementor-widget-spacer>.elementor-widget-container>.elementor-spacer>.elementor-spacer-inner{height:var(--container-widget-height,var(--spacer-size))}.e-con-inner>.elementor-widget-spacer.elementor-widget-empty,.e-con>.elementor-widget-spacer.elementor-widget-empty{position:relative;min-height:22px;min-width:22px}.e-con-inner>.elementor-widget-spacer.elementor-widget-empty .elementor-widget-empty-icon,.e-con>.elementor-widget-spacer.elementor-widget-empty .elementor-widget-empty-icon{position:absolute;top:0;bottom:0;left:0;right:0;margin:auto;padding:0;width:22px;height:22px}<\/style>\t\t<div class=\"elementor-spacer\">\n\t\t\t<div class=\"elementor-spacer-inner\"><\/div>\n\t\t<\/div>\n\t\t\t\t<\/div>\n\t\t\t\t<\/div>\n\t\t\t\t\t<\/div>\n\t\t<\/div>\n\t\t\t\t\t<\/div>\n\t\t<\/section>\n\t\t\t\t<section class=\"elementor-section elementor-top-section elementor-element elementor-element-bee9587 elementor-section-boxed elementor-section-height-default elementor-section-height-default\" data-id=\"bee9587\" data-element_type=\"section\">\n\t\t\t\t\t\t<div class=\"elementor-container elementor-column-gap-default\">\n\t\t\t\t\t<div class=\"elementor-column elementor-col-100 elementor-top-column elementor-element elementor-element-8bc39a5\" data-id=\"8bc39a5\" data-element_type=\"column\">\n\t\t\t<div class=\"elementor-widget-wrap elementor-element-populated\">\n\t\t\t\t\t\t<div class=\"elementor-element elementor-element-483b15e elementor-widget elementor-widget-image\" data-id=\"483b15e\" data-element_type=\"widget\" data-widget_type=\"image.default\">\n\t\t\t\t<div class=\"elementor-widget-container\">\n\t\t\t<style>\/*! elementor - v3.21.0 - 15-04-2024 *\/\n.elementor-widget-image{text-align:center}.elementor-widget-image a{display:inline-block}.elementor-widget-image a img[src$=\".svg\"]{width:48px}.elementor-widget-image img{vertical-align:middle;display:inline-block}<\/style>\t\t\t\t\t\t\t\t\t\t<img fetchpriority=\"high\" decoding=\"async\" width=\"800\" height=\"286\" src=\"https:\/\/fabeblog.com\/wp-content\/uploads\/2024\/06\/banner-kuta-1024x366.png\" class=\"attachment-large size-large wp-image-3184\" alt=\"\" srcset=\"https:\/\/fabeblog.com\/wp-content\/uploads\/2024\/06\/banner-kuta-1024x366.png 1024w, https:\/\/fabeblog.com\/wp-content\/uploads\/2024\/06\/banner-kuta-300x107.png 300w, https:\/\/fabeblog.com\/wp-content\/uploads\/2024\/06\/banner-kuta-768x274.png 768w, https:\/\/fabeblog.com\/wp-content\/uploads\/2024\/06\/banner-kuta-1536x549.png 1536w, https:\/\/fabeblog.com\/wp-content\/uploads\/2024\/06\/banner-kuta-2048x732.png 2048w\" sizes=\"(max-width: 800px) 100vw, 800px\" \/>\t\t\t\t\t\t\t\t\t\t\t\t\t<\/div>\n\t\t\t\t<\/div>\n\t\t\t\t\t<\/div>\n\t\t<\/div>\n\t\t\t\t\t<\/div>\n\t\t<\/section>\n\t\t\t\t<section class=\"elementor-section elementor-top-section elementor-element elementor-element-840bda8 elementor-section-boxed elementor-section-height-default elementor-section-height-default\" data-id=\"840bda8\" data-element_type=\"section\">\n\t\t\t\t\t\t<div class=\"elementor-container elementor-column-gap-default\">\n\t\t\t\t\t<div class=\"elementor-column elementor-col-100 elementor-top-column elementor-element elementor-element-7430ba9\" data-id=\"7430ba9\" data-element_type=\"column\">\n\t\t\t<div class=\"elementor-widget-wrap elementor-element-populated\">\n\t\t\t\t\t\t<div class=\"elementor-element elementor-element-ce0721d elementor-hidden-mobile elementor-widget elementor-widget-heading\" data-id=\"ce0721d\" data-element_type=\"widget\" data-widget_type=\"heading.default\">\n\t\t\t\t<div class=\"elementor-widget-container\">\n\t\t\t<style>\/*! elementor - v3.21.0 - 15-04-2024 *\/\n.elementor-heading-title{padding:0;margin:0;line-height:1}.elementor-widget-heading .elementor-heading-title[class*=elementor-size-]>a{color:inherit;font-size:inherit;line-height:inherit}.elementor-widget-heading .elementor-heading-title.elementor-size-small{font-size:15px}.elementor-widget-heading .elementor-heading-title.elementor-size-medium{font-size:19px}.elementor-widget-heading .elementor-heading-title.elementor-size-large{font-size:29px}.elementor-widget-heading .elementor-heading-title.elementor-size-xl{font-size:39px}.elementor-widget-heading .elementor-heading-title.elementor-size-xxl{font-size:59px}<\/style><h2 class=\"elementor-heading-title elementor-size-default\">#13 Vom Regen in die Hitze<\/h2>\t\t<\/div>\n\t\t\t\t<\/div>\n\t\t\t\t<div class=\"elementor-element elementor-element-a518e63 elementor-hidden-desktop elementor-hidden-tablet elementor-widget elementor-widget-heading\" data-id=\"a518e63\" data-element_type=\"widget\" data-widget_type=\"heading.default\">\n\t\t\t\t<div class=\"elementor-widget-container\">\n\t\t\t<h2 class=\"elementor-heading-title elementor-size-default\">#13 Vom Regen in die Hitze<\/h2>\t\t<\/div>\n\t\t\t\t<\/div>\n\t\t\t\t\t<\/div>\n\t\t<\/div>\n\t\t\t\t\t<\/div>\n\t\t<\/section>\n\t\t\t\t<section class=\"elementor-section elementor-top-section elementor-element elementor-element-ba2211a elementor-section-boxed elementor-section-height-default elementor-section-height-default\" data-id=\"ba2211a\" data-element_type=\"section\">\n\t\t\t\t\t\t<div class=\"elementor-container elementor-column-gap-default\">\n\t\t\t\t\t<div class=\"elementor-column elementor-col-100 elementor-top-column elementor-element elementor-element-350cf25\" data-id=\"350cf25\" data-element_type=\"column\">\n\t\t\t<div class=\"elementor-widget-wrap elementor-element-populated\">\n\t\t\t\t\t\t<div class=\"elementor-element elementor-element-93c3be5 elementor-widget elementor-widget-text-editor\" data-id=\"93c3be5\" data-element_type=\"widget\" data-widget_type=\"text-editor.default\">\n\t\t\t\t<div class=\"elementor-widget-container\">\n\t\t\t<style>\/*! elementor - v3.21.0 - 15-04-2024 *\/\n.elementor-widget-text-editor.elementor-drop-cap-view-stacked .elementor-drop-cap{background-color:#69727d;color:#fff}.elementor-widget-text-editor.elementor-drop-cap-view-framed .elementor-drop-cap{color:#69727d;border:3px solid;background-color:transparent}.elementor-widget-text-editor:not(.elementor-drop-cap-view-default) .elementor-drop-cap{margin-top:8px}.elementor-widget-text-editor:not(.elementor-drop-cap-view-default) .elementor-drop-cap-letter{width:1em;height:1em}.elementor-widget-text-editor .elementor-drop-cap{float:left;text-align:center;line-height:1;font-size:50px}.elementor-widget-text-editor .elementor-drop-cap-letter{display:inline-block}<\/style>\t\t\t\t<div dir=\"auto\">Langsam rollt das Flugzeug auf die Startbahn, die Turbinen werden gestartet und lassen unsere Sitze vibrieren, erst langsam, dann immer schneller saust die Startbahn unter uns entlang, bis mit einer leichten Ersch\u00fctterung alle R\u00e4der den Boden verlassen haben und wir in den Himmel \u00fcber Christchurch aufsteigen. Wir sehen die Stadt hinter uns schrumpfen, die Banks Peninsula und das Meer r\u00fccken immer weiter ins Sichtfeld, bis wir schlie\u00dflich die unterste Wolkendecke durchfliegen und Neuseeland unter uns verschwunden ist. Es ist schade, die beiden Inseln zu verlassen, aber noch ist unsere Reise schlie\u00dflich nicht zu Ende und die Spannung darauf, was uns erwarten wird, wiegt den Abschied auf.<\/div><div dir=\"auto\">\u00a0<\/div><div dir=\"auto\">Unser Ziel ist der Flughafen Denpasar in Indonesien, aber erst einmal geht es f\u00fcr uns nach Melbourne, allerdings nicht raus aus dem Flughafen. Stattdessen haben wir 16 lange Stunden, die wir auf irgendwie immer unbequemer werdenden Sitzen im Transferbereich hinter uns bringen. Als das Boarding zu unserem Flug ausgerufen wird, machen wir uns erleichtert auf den Weg, aber als wir, so wie es uns beim Check-in in Christchurch und von der Border Patrol gesagt wurde, unsere Boarding-P\u00e4sse beim Gate holen wollen, gibt es zun\u00e4chst ein Problem. Wir h\u00e4tten die Wartezeit gar nicht komplett im Transitbereich verbringen d\u00fcrfen! (Wir haben uns auch schon gewundert, weshalb niemand unser ganz sch\u00f6n aufwendig zu beantragendes Transitvisa sehen wollte&#8230;) Tja, jetzt bringt uns diese Info nicht mehr viel, aber zum Gl\u00fcck bekommen wir trotzdem Boarding-P\u00e4sse und d\u00fcrfen Melbourne nach einer illegal im Transitbereich verbrachten Nacht in Richtung Indonesien verlassen.\u00a0<\/div><div dir=\"auto\">\u00a0<\/div><div dir=\"auto\">Nach sechs Stunden setzt unser Flugzeug auf der Landebahn in Denpasar auf, wir holen unsere in gro\u00dfe Beutel verpackten Rucks\u00e4cke vom Gep\u00e4ckband, bringen die Einreiseformalien hinter uns, werden wegen der vielen Muscheln und Steine bei der Security-Kontrolle rausgezogen und m\u00fcssen unsere Sammlung zum nochmal durchleuchten auspacken, bevor wir dann noch schnell eine Simkarte f\u00fcr Indonesien kaufen und endlich den Flughafen verlassen k\u00f6nnen. Drau\u00dfen werden wir von der hei\u00dfen, dr\u00fcckenden Luft und einer un\u00fcberblickbaren Masse an Taxifahrern in Empfang genommen, die uns eine Fahrt zu unserer Unterkunft verkaufen wollen. Da wir schon wussten, was uns erwartet, schl\u00e4ngeln wir uns schnell durch die Masse und suchen uns einen ruhigeren Fleck, wo wir in Ruhe die Navigation zu unserem Hostel in Kuta, das geschickterweise in Laufdistanz gelegen ist, starten k\u00f6nnen.\u00a0<\/div><div dir=\"auto\">\u00a0<\/div><div dir=\"auto\">Unser Zimmer ist h\u00fcbsch und im Innenhof unserer Unterkunft gibt es sogar einen Pool, viel wichtiger ist aber die Klimaanlage an der Wand, die uns erst mal vor der schwei\u00dftreibenden Hitze drau\u00dfen rettet. Abgek\u00fchlt wagen wir dann einen ersten Streifzug durch die Stra\u00dfen rund um unser Hostel. Der Kontrast zu Neuseeland ist gewaltig! Die engen Gassen sind voller Menschen, unsere Sinne werden von st\u00e4ndig neuen Eindr\u00fccken gefordert. Um uns herum wuselt es, Motorroller schieben sich an den st\u00e4ndig im Stau stehenden Autos vorbei, die vielen Restaurants sorgen f\u00fcr sich st\u00e4ndig abwechselnde Wolken verschiedenster Ger\u00fcche, die sich mit dem \u00fcberall pr\u00e4senten Geruch der R\u00e4ucherst\u00e4bchen aus den Opferschalen vermischen. In den aus Palmblatt geflochtenen Sch\u00e4lchen werden kleine Teile des Essens, meistens Reis, Kekse und manchmal Geldscheine als Opfer dargeboten. Akustisch wird die Szenerie durch im Vorbeigehen aufgeschnappte Gespr\u00e4chsfetzen auf indonesisch oder balinesisch, oft auch auf Englisch untermalt, wir h\u00f6ren bellende Hunde, das ununterbrochene Hupen, ohne das der indonesischen Verkehr nicht zu funktionieren scheint, eine wilde Musikmischung aus den Restaurants (\u00fcberdurchschnittlich oft Ed Sheeran), gemischt mit dem Brutzeln der dort zubereiteten Gerichte und immer wieder Pfeifen und Trommeln aus den vielen \u00fcber die Stadt verteilten Tempeln. \u00dcberhaupt ist das Bild der Stadt sehr von der zu einem gro\u00dfen Teil hinduistischen Bev\u00f6lkerung gepr\u00e4gt. Neben den gro\u00dfen Tempelanlagen machen die zahllosen Schreine und Kleintempel sowie die aus der Tempelarchitektur \u00fcbernommenen Zierelemente den architektonischen Stil Kutas aus, eine ornamentges\u00e4ttigte und passende B\u00fchne f\u00fcr das wuselige, ununterbrochene Treiben, das in den Stra\u00dfen zu beobachten ist. Wir finden schlie\u00dflich ein Einkaufszentrum, wo wir erst mal schauen, was es so an spannenden Fr\u00fcchten zu kaufen gibt und essen dann bei einem der vielen Streetfood-St\u00e4nden ein Veggie-Curry zu Abend (100.000 indonesische Rupien, also 6 \u20ac f\u00fcr uns beide mit Trinken).\u00a0<\/div><div dir=\"auto\">\u00a0<\/div><div dir=\"auto\">Als wir zur\u00fcck am Hostel ankommen, ist gerade die Sonne untergegangen und wir fallen, nach dem Schlafmangel der Nacht am Flughafen, m\u00fcde ins Bett, wo uns auch der L\u00e4rm der Stadt nicht davon abh\u00e4lt, sofort einzuschlafen.\u00a0<\/div>\t\t\t\t\t\t<\/div>\n\t\t\t\t<\/div>\n\t\t\t\t\t<\/div>\n\t\t<\/div>\n\t\t\t\t\t<\/div>\n\t\t<\/section>\n\t\t\t\t<section class=\"elementor-section elementor-top-section elementor-element elementor-element-055615a elementor-section-boxed elementor-section-height-default elementor-section-height-default\" data-id=\"055615a\" data-element_type=\"section\">\n\t\t\t\t\t\t<div class=\"elementor-container elementor-column-gap-default\">\n\t\t\t\t\t<div class=\"elementor-column elementor-col-100 elementor-top-column elementor-element elementor-element-6960f7d\" data-id=\"6960f7d\" data-element_type=\"column\">\n\t\t\t<div class=\"elementor-widget-wrap elementor-element-populated\">\n\t\t\t\t\t\t<div class=\"elementor-element elementor-element-9a9c485 elementor-arrows-position-inside elementor-pagination-position-outside elementor-widget elementor-widget-image-carousel\" data-id=\"9a9c485\" data-element_type=\"widget\" data-settings=\"{&quot;navigation&quot;:&quot;both&quot;,&quot;autoplay&quot;:&quot;yes&quot;,&quot;pause_on_hover&quot;:&quot;yes&quot;,&quot;pause_on_interaction&quot;:&quot;yes&quot;,&quot;autoplay_speed&quot;:5000,&quot;infinite&quot;:&quot;yes&quot;,&quot;speed&quot;:500}\" data-widget_type=\"image-carousel.default\">\n\t\t\t\t<div class=\"elementor-widget-container\">\n\t\t\t<style>\/*! elementor - v3.21.0 - 15-04-2024 *\/\n.elementor-widget-image-carousel .swiper,.elementor-widget-image-carousel .swiper-container{position:static}.elementor-widget-image-carousel .swiper-container .swiper-slide figure,.elementor-widget-image-carousel .swiper .swiper-slide figure{line-height:inherit}.elementor-widget-image-carousel .swiper-slide{text-align:center}.elementor-image-carousel-wrapper:not(.swiper-container-initialized):not(.swiper-initialized) .swiper-slide{max-width:calc(100% \/ var(--e-image-carousel-slides-to-show, 3))}<\/style>\t\t<div class=\"elementor-image-carousel-wrapper swiper\" dir=\"ltr\">\n\t\t\t<div class=\"elementor-image-carousel swiper-wrapper\" aria-live=\"off\">\n\t\t\t\t\t\t\t\t<div class=\"swiper-slide\" role=\"group\" aria-roledescription=\"slide\" aria-label=\"1 of 5\"><a data-elementor-open-lightbox=\"yes\" data-elementor-lightbox-slideshow=\"9a9c485\" data-elementor-lightbox-title=\"IMG-20240506-WA0018\" data-e-action-hash=\"#elementor-action%3Aaction%3Dlightbox%26settings%3DeyJpZCI6MzA4MSwidXJsIjoiaHR0cHM6XC9cL2ZhYmVibG9nLmNvbVwvd3AtY29udGVudFwvdXBsb2Fkc1wvMjAyNFwvMDZcL0lNRy0yMDI0MDUwNi1XQTAwMTguanBnIiwic2xpZGVzaG93IjoiOWE5YzQ4NSJ9\" href=\"https:\/\/fabeblog.com\/wp-content\/uploads\/2024\/06\/IMG-20240506-WA0018.jpg\"><figure class=\"swiper-slide-inner\"><img decoding=\"async\" class=\"swiper-slide-image\" src=\"https:\/\/fabeblog.com\/wp-content\/uploads\/2024\/06\/IMG-20240506-WA0018-768x1024.jpg\" alt=\"IMG-20240506-WA0018\" \/><\/figure><\/a><\/div><div class=\"swiper-slide\" role=\"group\" aria-roledescription=\"slide\" aria-label=\"2 of 5\"><a data-elementor-open-lightbox=\"yes\" data-elementor-lightbox-slideshow=\"9a9c485\" data-elementor-lightbox-title=\"IMG-20240506-WA0019\" data-e-action-hash=\"#elementor-action%3Aaction%3Dlightbox%26settings%3DeyJpZCI6MzA4MiwidXJsIjoiaHR0cHM6XC9cL2ZhYmVibG9nLmNvbVwvd3AtY29udGVudFwvdXBsb2Fkc1wvMjAyNFwvMDZcL0lNRy0yMDI0MDUwNi1XQTAwMTkuanBnIiwic2xpZGVzaG93IjoiOWE5YzQ4NSJ9\" href=\"https:\/\/fabeblog.com\/wp-content\/uploads\/2024\/06\/IMG-20240506-WA0019.jpg\"><figure class=\"swiper-slide-inner\"><img decoding=\"async\" class=\"swiper-slide-image\" src=\"https:\/\/fabeblog.com\/wp-content\/uploads\/2024\/06\/IMG-20240506-WA0019-768x1024.jpg\" alt=\"IMG-20240506-WA0019\" \/><\/figure><\/a><\/div><div class=\"swiper-slide\" role=\"group\" aria-roledescription=\"slide\" aria-label=\"3 of 5\"><a data-elementor-open-lightbox=\"yes\" data-elementor-lightbox-slideshow=\"9a9c485\" data-elementor-lightbox-title=\"IMG-20240506-WA0024\" data-e-action-hash=\"#elementor-action%3Aaction%3Dlightbox%26settings%3DeyJpZCI6MzA4MywidXJsIjoiaHR0cHM6XC9cL2ZhYmVibG9nLmNvbVwvd3AtY29udGVudFwvdXBsb2Fkc1wvMjAyNFwvMDZcL0lNRy0yMDI0MDUwNi1XQTAwMjQuanBnIiwic2xpZGVzaG93IjoiOWE5YzQ4NSJ9\" href=\"https:\/\/fabeblog.com\/wp-content\/uploads\/2024\/06\/IMG-20240506-WA0024.jpg\"><figure class=\"swiper-slide-inner\"><img decoding=\"async\" class=\"swiper-slide-image\" src=\"https:\/\/fabeblog.com\/wp-content\/uploads\/2024\/06\/IMG-20240506-WA0024-768x1024.jpg\" alt=\"IMG-20240506-WA0024\" \/><\/figure><\/a><\/div><div class=\"swiper-slide\" role=\"group\" aria-roledescription=\"slide\" aria-label=\"4 of 5\"><a data-elementor-open-lightbox=\"yes\" data-elementor-lightbox-slideshow=\"9a9c485\" data-elementor-lightbox-title=\"IMG-20240506-WA0027\" data-e-action-hash=\"#elementor-action%3Aaction%3Dlightbox%26settings%3DeyJpZCI6MzA4NSwidXJsIjoiaHR0cHM6XC9cL2ZhYmVibG9nLmNvbVwvd3AtY29udGVudFwvdXBsb2Fkc1wvMjAyNFwvMDZcL0lNRy0yMDI0MDUwNi1XQTAwMjctMS5qcGciLCJzbGlkZXNob3ciOiI5YTljNDg1In0%3D\" href=\"https:\/\/fabeblog.com\/wp-content\/uploads\/2024\/06\/IMG-20240506-WA0027-1.jpg\"><figure class=\"swiper-slide-inner\"><img decoding=\"async\" class=\"swiper-slide-image\" src=\"https:\/\/fabeblog.com\/wp-content\/uploads\/2024\/06\/IMG-20240506-WA0027-1-768x1024.jpg\" alt=\"IMG-20240506-WA0027\" \/><\/figure><\/a><\/div><div class=\"swiper-slide\" role=\"group\" aria-roledescription=\"slide\" aria-label=\"5 of 5\"><a data-elementor-open-lightbox=\"yes\" data-elementor-lightbox-slideshow=\"9a9c485\" data-elementor-lightbox-title=\"2850379\" data-e-action-hash=\"#elementor-action%3Aaction%3Dlightbox%26settings%3DeyJpZCI6MzE3MiwidXJsIjoiaHR0cHM6XC9cL2ZhYmVibG9nLmNvbVwvd3AtY29udGVudFwvdXBsb2Fkc1wvMjAyNFwvMDZcLzI4NTAzNzktc2NhbGVkLmpwZyIsInNsaWRlc2hvdyI6IjlhOWM0ODUifQ%3D%3D\" href=\"https:\/\/fabeblog.com\/wp-content\/uploads\/2024\/06\/2850379-scaled.jpg\"><figure class=\"swiper-slide-inner\"><img decoding=\"async\" class=\"swiper-slide-image\" src=\"https:\/\/fabeblog.com\/wp-content\/uploads\/2024\/06\/2850379-768x1024.jpg\" alt=\"2850379\" \/><\/figure><\/a><\/div>\t\t\t<\/div>\n\t\t\t\t\t\t\t\t\t\t\t\t<div class=\"elementor-swiper-button elementor-swiper-button-prev\" role=\"button\" tabindex=\"0\">\n\t\t\t\t\t\t<i aria-hidden=\"true\" class=\"eicon-chevron-left\"><\/i>\t\t\t\t\t<\/div>\n\t\t\t\t\t<div class=\"elementor-swiper-button elementor-swiper-button-next\" role=\"button\" tabindex=\"0\">\n\t\t\t\t\t\t<i aria-hidden=\"true\" class=\"eicon-chevron-right\"><\/i>\t\t\t\t\t<\/div>\n\t\t\t\t\n\t\t\t\t\t\t\t\t\t<div class=\"swiper-pagination\"><\/div>\n\t\t\t\t\t\t\t\t\t<\/div>\n\t\t\t\t<\/div>\n\t\t\t\t<\/div>\n\t\t\t\t\t<\/div>\n\t\t<\/div>\n\t\t\t\t\t<\/div>\n\t\t<\/section>\n\t\t\t\t<section class=\"elementor-section elementor-top-section elementor-element elementor-element-491ee79 elementor-section-boxed elementor-section-height-default elementor-section-height-default\" data-id=\"491ee79\" data-element_type=\"section\">\n\t\t\t\t\t\t<div class=\"elementor-container elementor-column-gap-default\">\n\t\t\t\t\t<div class=\"elementor-column elementor-col-100 elementor-top-column elementor-element elementor-element-a72b221\" data-id=\"a72b221\" data-element_type=\"column\">\n\t\t\t<div class=\"elementor-widget-wrap elementor-element-populated\">\n\t\t\t\t\t\t<div class=\"elementor-element elementor-element-6c80343 elementor-widget elementor-widget-text-editor\" data-id=\"6c80343\" data-element_type=\"widget\" data-widget_type=\"text-editor.default\">\n\t\t\t\t<div class=\"elementor-widget-container\">\n\t\t\t\t\t\t\t<div dir=\"auto\">Die n\u00e4chsten zwei Tage haben wir Zeit, uns ein wenig auszuruhen, die Stadt und Indonesien weiter kennenzulernen und unsere weitere Reise zu planen. Als wir vormittags auf Erkundungstour gehen, stellen wir \u00fcberrascht fest, dass wir fast am Meer wohnen. Nur eine Querstra\u00dfe weiter erstreckt sich ein weit in die Ferne reichender, breiter Sandstrand, an dem vor allem Surfer unterwegs zu sein scheinen. Barfu\u00df laufen wir durch die Brandung, das Wasser ist angenehm warm und im Sand finden wir zahlreiche Korallenst\u00fccke, zwischen denen kleine Krebse umherhuschen, die sich in w<\/div><div dir=\"auto\">Windeseile in den Sandboden graben, wenn wir ihnen zu nahe kommen. Der schmale, sandige Fu\u00dfweg, der den Strand entlangf\u00fchrt, ist ges\u00e4umt von vielen kleinen, aus Holzbrettern zusammengenagelten St\u00e4nden, an denen Kettchen und Schnitzereien, frische Kokosn\u00fcsse zum Trinken und gebratene H\u00e4hnchen und Maiskolben oder Schnorcheltrips und Surfkurse lautstark (aber ohne aufdringlich zu sein) beworben werden. Wir entscheiden uns erst mal gegen Surfen und schlendern bis zu einer riesigen, etwas grotesk wirkenden, bemalten Statue, die \u00fcber dem Strand auf einer gigantischen Schildkr\u00f6te thront.\u00a0<\/div><div dir=\"auto\">\u00a0<\/div><div dir=\"auto\">Wir streifen lange durch die Stra\u00dfen und Gassen, ab und zu fliehen wir vor der dr\u00fcckenden Hitze in eine der gro\u00dfen Malls und schauen, jetzt indonesischen statt neuseel\u00e4ndischen Temperaturen ausgesetzt, nach kurzer Kleidung f\u00fcr uns. Auch beim Essen m\u00fcssen wir uns ungew\u00f6hnen, statt selbst zu kochen, k\u00f6nnen wir ohne Probleme so oft essen gehen, wie wir wollen. Denpasar bietet daf\u00fcr unbegrenzte Optionen, wir versuchen vor allem indonesische und thail\u00e4ndische Gerichte, auf Nachfrage gibt es auch immer eine vegetarische Variante f\u00fcr uns. Ein R\u00e4tsel bleibt f\u00fcr uns allerdings erst einmal, was wir am besten fr\u00fchst\u00fccken und zwischendurch essen k\u00f6nnen, ein Problem, was wir zun\u00e4chst durch Kekse und Fr\u00fcchte l\u00f6sen. Wir wagen uns an ein paar neue Fr\u00fcchte, Highlights f\u00fcr uns sind Drachenfr\u00fcchte (viel geschmackvoller hier, f\u00e4rben alles lila), Mangostane (seltsame, wei\u00dfe und sehr weiche, sehr leckere Fruchtst\u00fccke in einer Schale, die zum \u00d6ffnen ein Messer und sehr viel Gewalt erfordert) und Salak (sieht aus wie ein Drachenei, schmeckt ein bisschen wie eine Mischung aus Kiwi und Passionsfrucht).\u00a0<\/div><div dir=\"auto\">\u00a0<\/div><div dir=\"auto\">Nach drei N\u00e4chten in Kuta und dem Gef\u00fchl, zumindest ein bisschen in Indonesien angekommen zu sein, verlassen wir Bali. Zum Hafen kommen wir mit einem Grab-fahrer (vergleichbar mit Uber, geh\u00f6rt auch Uber), der sich halsbrecherisch durch die verstopften Stra\u00dfen quetscht, alle um uns herum anhupt, uns aber p\u00fcnktlich abliefert. Am Hafen l\u00e4uft alles problemlos, wir warten in einem neu gebauten Terminal auf unser Speedboat, das uns zu unserem n\u00e4chsten Ziel bringen soll: Nusa Penida, kleine Insel und Schnorchelparadies.\u00a0<\/div>\t\t\t\t\t\t<\/div>\n\t\t\t\t<\/div>\n\t\t\t\t\t<\/div>\n\t\t<\/div>\n\t\t\t\t\t<\/div>\n\t\t<\/section>\n\t\t\t\t<\/div>\n\t\t","protected":false},"excerpt":{"rendered":"<p>#13 Vom Regen in die Hitze #13 Vom Regen in die Hitze Langsam rollt das Flugzeug auf die Startbahn, die Turbinen werden gestartet und lassen unsere Sitze vibrieren, erst langsam, dann immer schneller saust die Startbahn unter uns entlang, bis mit einer leichten Ersch\u00fctterung alle R\u00e4der den Boden verlassen haben und wir in den Himmel [&hellip;]<\/p>\n","protected":false},"author":1,"featured_media":0,"parent":0,"menu_order":0,"comment_status":"closed","ping_status":"closed","template":"","meta":{"_monsterinsights_skip_tracking":false,"_monsterinsights_sitenote_active":false,"_monsterinsights_sitenote_note":"","_monsterinsights_sitenote_category":0,"footnotes":""},"aioseo_notices":[],"_links":{"self":[{"href":"https:\/\/fabeblog.com\/index.php?rest_route=\/wp\/v2\/pages\/3063"}],"collection":[{"href":"https:\/\/fabeblog.com\/index.php?rest_route=\/wp\/v2\/pages"}],"about":[{"href":"https:\/\/fabeblog.com\/index.php?rest_route=\/wp\/v2\/types\/page"}],"author":[{"embeddable":true,"href":"https:\/\/fabeblog.com\/index.php?rest_route=\/wp\/v2\/users\/1"}],"replies":[{"embeddable":true,"href":"https:\/\/fabeblog.com\/index.php?rest_route=%2Fwp%2Fv2%2Fcomments&post=3063"}],"version-history":[{"count":15,"href":"https:\/\/fabeblog.com\/index.php?rest_route=\/wp\/v2\/pages\/3063\/revisions"}],"predecessor-version":[{"id":3195,"href":"https:\/\/fabeblog.com\/index.php?rest_route=\/wp\/v2\/pages\/3063\/revisions\/3195"}],"wp:attachment":[{"href":"https:\/\/fabeblog.com\/index.php?rest_route=%2Fwp%2Fv2%2Fmedia&parent=3063"}],"curies":[{"name":"wp","href":"https:\/\/api.w.org\/{rel}","templated":true}]}}